hat is the greatest common divisor of 44646 and 6762?
42
Calculate the highest common divisor of 1191 and 40891.
397
Calculate the highest common factor of 20 and 7272.
4
What is the greatest common divisor of 5096757 and 201?
201
Calculate the highest common factor of 27190 and 940.
10
What is the greatest common factor of 1302067 and 39?
13
What is the highest common factor of 461 and 75143?
461
What is the greatest common factor of 1005 and 44555?
335
Calculate the highest common factor of 62388 and 108.
36
Calculate the greatest common divisor of 79740 and 75.
15
What is the greatest common factor of 2196 and 1265262?
366
What is the greatest common divisor of 51 and 2260456?
17
What is the greatest common factor of 542944 and 2736?
304
Calculate the highest common factor of 36843 and 9.
3
What is the greatest common divisor of 43909 and 38?
19
What is the greatest common factor of 756407 and 145?
29
What is the highest common factor of 1264 and 380?
4
Calculate the highest common factor of 85752 and 1944.
216
Calculate the highest common divisor of 265 and 2635.
5
What is the highest common divisor of 5753 and 249471?
523
What is the greatest common divisor of 350 and 114135?
35
What is the greatest common divisor of 30483 and 378?
27
What is the greatest common factor of 45 and 183015?
45
Calculate the greatest common factor of 4360 and 3092330.
1090
Calculate the highest common divisor of 884706 and 6.
6
What is the highest common factor of 7872 and 18327?
123
Calculate the highest common factor of 241485 and 10.
5
What is the highest common factor of 328739 and 23?
23
Calculate the greatest common factor of 41917 and 37399.
251
What is the highest common factor of 153 and 136731?
51
What is the greatest common divisor of 218 and 1952081?
109
Calculate the highest common divisor of 150 and 9250.
50
What is the greatest common divisor of 674 and 26623?
337
Calculate the highest common divisor of 22 and 80641.
11
What is the greatest common divisor of 125 and 64050?
25
Calculate the greatest common divisor of 5055 and 45.
15
Calculate the highest common factor of 3742375 and 141.
47
Calculate the greatest common factor of 36478 and 427.
61
Calculate the highest common factor of 39870 and 1854.
18
Calculate the greatest common factor of 606343 and 3824.
239
Calculate the greatest common factor of 255 and 6511.
17
What is the greatest common divisor of 45560 and 12920?
680
Calculate the greatest common factor of 57544 and 8.
8
What is the highest common factor of 1190 and 3220?
70
Calculate the greatest common divisor of 31311 and 710.
71
What is the highest common divisor of 81149 and 304?
19
What is the greatest common factor of 564696 and 88?
88
Calculate the highest common factor of 2000 and 38.
2
What is the greatest common factor of 8295 and 10185?
105
What is the highest common factor of 209 and 2376?
11
Calculate the highest common divisor of 688 and 512.
16
What is the greatest common divisor of 8141 and 308?
7
What is the highest common divisor of 45390 and 153?
51
Calculate the greatest common factor of 27312 and 624.
48
Calculate the highest common factor of 551 and 16397.
19
What is the highest common divisor of 2154762 and 324?
162
What is the greatest common factor of 336 and 14154?
42
Calculate the highest common factor of 249 and 10542162.
249
What is the highest common divisor of 19218 and 6?
6
What is the highest common divisor of 17748 and 232?
116
Calculate the highest common divisor of 1885 and 145.
145
What is the greatest common factor of 32805 and 1650?
15
What is the greatest common factor of 168 and 966?
42
Calculate the greatest common divisor of 410096 and 475.
19
What is the highest common factor of 37590 and 9666?
1074
What is the greatest common divisor of 2961 and 16821?
63
Calculate the highest common divisor of 114 and 9.
3
What is the highest common factor of 17 and 69683?
17
Calculate the highest common divisor of 35196 and 119.
7
What is the greatest common factor of 9682 and 70688?
94
What is the greatest common factor of 18611 and 5533?
503
Calculate the greatest common factor of 144 and 34192.
16
What is the greatest common divisor of 14133 and 32235?
21
What is the greatest common factor of 238458 and 44?
22
What is the highest common divisor of 84 and 86240?
28
What is the greatest common divisor of 10638 and 1212?
6
Calculate the greatest common factor of 26906 and 308.
22
Calculate the greatest common factor of 10161 and 36.
9
Calculate the highest common divisor of 1812274 and 1398.
466
Calculate the highest common divisor of 5935506 and 6.
6
Calculate the highest common divisor of 12496 and 3520.
176
What is the highest common divisor of 372 and 51894?
186
Calculate the highest common divisor of 1264 and 1008.
16
What is the highest common divisor of 215559 and 3483?
387
Calculate the highest common factor of 693 and 48972.
231
What is the highest common factor of 5815670 and 35?
35
Calculate the greatest common factor of 834 and 624.
6
What is the greatest common divisor of 5244 and 2067447?
1311
Calculate the highest common factor of 777 and 10434.
111
What is the greatest common divisor of 629 and 579383?
37
What is the highest common divisor of 87924 and 204?
204
Calculate the highest common divisor of 282 and 687.
3
Calculate the greatest common divisor of 420 and 500160.
60
What is the greatest common divisor of 53 and 289?
1
Calculate the greatest common divisor of 29834 and 56.
14
Calculate the highest common factor of 120 and 56040.
120
What is the highest common divisor of 7751 and 20792?
23
What is the highest common factor of 8856 and 779?
41
Calculate the highest common factor of 3526 and 10148.
86
Calculate the highest common divisor of 10057 and 24295.
113
What is the greatest common factor of 244 and 26291?
61
Calculate the highest common factor of 363 and 331287.
33
Calculate the highest common factor of 464 and 98704.
16
What is the highest common factor of 25 and 166825?
25
Calculate the highest common factor of 6560 and 112.
16
Calculate the highest common divisor of 53120 and 1584.
16
What is the greatest common divisor of 3684 and 42980?
1228
What is the greatest common factor of 5454 and 13029?
303
What is the highest common divisor of 14352 and 96?
48
What is the greatest common divisor of 3628 and 196?
4
What is the highest common factor of 5859 and 6993?
189
What is the highest common factor of 13560 and 12720?
120
What is the highest common factor of 2156 and 1276?
44
Calculate the highest common factor of 609 and 798.
21
What is the highest common divisor of 255 and 157845?
255
What is the highest common factor of 346789 and 79805?
1451
Calculate the highest common divisor of 153 and 216818.
17
What is the highest common factor of 39222 and 72?
18
What is the greatest common factor of 359936 and 37259?
703
What is the greatest common divisor of 216 and 77139?
27
What is the highest common factor of 28628 and 4284?
68
Calculate the highest common divisor of 105 and 69097.
7
What is the highest common factor of 2220 and 466644?
444
What is the highest common factor of 10601968 and 16?
16
Calculate the highest common factor of 124659 and 2014.
19
Calculate the greatest common factor of 132 and 64724.
44
Calculate the highest common factor of 137259 and 202.
101
Calculate the greatest common divisor of 114 and 683278.
38
Calculate the highest common divisor of 625 and 1625.
125
Calculate the highest common factor of 75 and 160650.
75
Calculate the greatest common divisor of 32 and 24088.
8
Calculate the highest common divisor of 765 and 294015.
255
Calculate the highest common factor of 294 and 2170.
14
Calculate the greatest common divisor of 5445 and 90255.
165
Calculate the greatest common factor of 11 and 138006.
11
Calculate the highest common divisor of 159 and 3122601.
159
What is the greatest common divisor of 2814 and 385786?
134
What is the greatest common divisor of 104333 and 1515?
101
Calculate the highest common divisor of 26 and 100022.
26
Calculate the greatest common divisor of 35971 and 325.
13
Calculate the highest common divisor of 138 and 2454.
6
What is the greatest common divisor of 505466 and 78?
26
What is the greatest common factor of 1144 